467 - 165667. What are the prime factors of f?
2, 5, 53
Let m be (-1 - (-9)/4)/((-1)/(-8)). Suppose m*o - 6*o - 12 = 0, -5*i + 5*o = 1400. Let r = -55 - i. List the prime factors of r.
2, 3, 37
Let g(b) = 51*b**3 + 268*b**2 + 56*b - 15. List the prime factors of g(8).
37, 1181
Suppose 5*q - 16872 = -x, 3*q - x - 3931 = 6197. What are the prime factors of q?
3, 5
Let h(q) = 2 - 55 - 31*q + q + 21. What are the prime factors of h(-16)?
2, 7
Let n(m) = -533*m + 1062. What are the prime factors of n(-29)?
16519
Let f = 16861 + -5870. What are the prime factors of f?
29, 379
What are the prime factors of 1821645/245 + -18 + 2/14*-2?
7417
Suppose -r = 3*g + 2*g + 35, 0 = 3*r - 3*g + 69. Let n = r + -7. What are the prime factors of (-10)/25*(2 + n)?
2, 3
Let c = -17431 + 22028. What are the prime factors of c?
4597
Suppose 4*y = -3*n - 32 - 59, 3*y + 22 = -n. Let z = -42 - n. List the prime factors of z/((-390)/(-98) + -4).
5, 7
Let t(w) = 4*w - 10. Let b be t(3). Let g(f) = -73*f + 50 - f**2 + 57*f + 2*f**b. What are the prime factors of g(19)?
107
Suppose -5*n = 23*d - 21*d - 166895, 0 = -11*d + 55. What are the prime factors of n?
33377
Let a(y) = 27*y**3 - 11*y**2 + 15*y - 2. Let s be a(7). Suppose 0 = 10*h - 12*h - 3*x + 3537, s = 5*h + 4*x. List the prime factors of h.
3, 587
Suppose -280 + 42 = 2*a. Let t = 7 + a. List the prime factors of (3/4)/((-14)/t).
2, 3
Let l(w) = -w**2 - 9*w + 20. Let f be l(-9). Suppose 6*t = f*t - 8834. What are the prime factors of t?
631
Let f be 75/(-10)*8/(-6). Let s be (258/5)/((-2)/f). Let v = -154 - s. What are the prime factors of v?
2, 13
What are the prime factors of (-61 - 3)/(7 + (-1146)/162)?
2, 3
Suppose -5*z - 94 = -409. What are the prime factors of 35574/z - 10/6?
563
Suppose -118*i + 962159 = 123651. List the prime factors of i.
2, 11, 17, 19
Let a(j) = -359*j**3 + 23*j**2 + 11*j - 14. List the prime factors of a(-6).
2, 23, 37
Let o = -35 + 71. Suppose 5*l + 1156 - o = -a, 0 = 2*l + a + 445. Let s = -124 - l. What are the prime factors of s?
101
Let k = 10605 - 9853. What are the prime factors of k?
2, 47
Let h(c) = -c**3 + 9*c**2 + 4*c + 4. Let k be h(9). Suppose 4*y = -151*f + 149*f + 14, 5*f - y = 2. Let g = f + k. List the prime factors of g.
41
Let u(b) = 3*b + 10*b**3 - 7*b + 0*b**3 + 7*b**2 + 10*b**3 - 9. Let m be u(5). Suppose 7*h = -7*h + m. List the prime factors of h.
3, 7
Suppose 15*j = -5*u + 11*j - 1, 2 = -2*u - 2*j. What are the prime factors of -13 + 5 + (u - -368)?
3, 11
Let h(m) be the second derivative of 0 - 21*m + 4/3*m**3 + 11*m**2. List the prime factors of h(7).
2, 3, 13
Let b = -15215 - -45373. List the prime factors of b.
2, 17, 887
Suppose -2*h = 2*h. Let w(l) be the third derivative of -l**5/60 - l**4/12 + 101*l**3/6 + 273*l**2. List the prime factors of w(h).
101
Let o = 37 - -13. Suppose -3*k - o = 16. Let q = -2 - k. List the prime factors of q.
2, 5
Let w(u) be the first derivative of -u**4 - 2*u**3/3 + 3*u - 9. Let d(c) = 5*c**3 + 2*c**2 - 4. Let n(o) = 5*d(o) + 6*w(o). What are the prime factors of n(5)?
73
Let g = 6 + -3. Suppose g*x + 91 + 36 = h, 2*x + 76 = 5*h. List the prime factors of x/(3/(-5 - -2)).
43
Let i(j) = j**3 + 21*j**2 + 3*j - 16. Let a(n) = n**2 + 9*n - 6. Let p be a(0). List the prime factors of i(p).
2, 11, 23
Let b = -120 + 245. Let m = b - 126. What are the prime factors of 4/2 + (1*-132)/m?
2, 67
Suppose -5*u = l - u - 48, 5*u - 51 = -l. Let r be 40/((l/(-240))/((-12)/10)). What are the prime factors of r/12*(0 - -3)?
2, 5
What are the prime factors of (1750/(-126) - -11)*(0 - 1887)*3?
2, 13, 17, 37
Let v = -77 + 79. Let z(g) = -3*g**3 + 14*g**2 - 3 - g - 6*g**2 - 5*g**v. What are the prime factors of z(-1)?
2
Let v be ((-2)/(-3))/(19/(-171)). Let j(k) = -35*k - 107. List the prime factors of j(v).
103
Let z be (1 + 2)*-38*(-1)/2. Let i = z + -96. Let r = i + 95. List the prime factors of r.
2, 7
Suppose -2*u = 2*u - 44. Let a be (2 + u/2)*180/(-27). Let c = -36 - a. List the prime factors of c.
2, 7
Let t(c) = c**3 - 6*c**2 - 18*c - 10. List the prime factors of t(16).
2, 3, 13, 29
Let g(u) be the third derivative of 0*u - 1/3*u**3 - 1/30*u**5 + 0 + 1/24*u**4 + 1/40*u**6 + 4*u**2. List the prime factors of g(3).
2
Suppose -2*w - 17*w + 89760 = 13*w. What are the prime factors of w?
3, 5, 11, 17
Suppose 5*u + 3*m - 103007 = 0, u - 5*m - 61743 = -2*u. List the prime factors of u.
2, 19, 271
Suppose 0 = c + 3*x + 49, -2*x = c - 5*x + 49. Let k = c - -52. Suppose -4*d - 5*f = -232, -35 - 23 = -d + k*f. What are the prime factors of d?
2, 29
Let r = 19534 + -12723. What are the prime factors of r?
7, 139
Suppose 52632 = 17*u - 39297 - 66409. List the prime factors of u.
2, 4657
Suppose r = -4*q + 35835, -r = -21*q + 22*q - 8964. What are the prime factors of q?
13, 53
Let o(q) be the second derivative of q**4/4 - 5*q**3/6 - q**2 + q. Let k(a) = -94*a - 1039. Let i be k(-11). List the prime factors of o(i).
2, 7
Suppose 0 = 2*f - 2*i - 17398, 4*i - 13108 + 4419 = -f. Suppose 10*r = 23*r - f. List the prime factors of r.
3, 223
Suppose 0 = 3*x - 260 - 61. Let m be -1 - -40 - (-37 - -36). Let k = m + x. What are the prime factors of k?
3, 7
Suppose 15*y - 11*y = 2396. Suppose 11*a + 4*m = 9*a + 386, -3*a = 2*m - y. List the prime factors of a.
7, 29
Let j = -14858 + 25497. List the prime factors of j.
10639
Let v = -1156 + 10292. What are the prime factors of v?
2, 571
Let l(q) = -38*q + 270. Let j be l(7). Suppose -4919 = -5*t + 3*c, -j*t - 4*c = -4066 + 118. What are the prime factors of t?
5, 197
Let c(b) = b**3 - 4*b**2 + 5. Let f be c(0). Suppose -f*z - 220 = 195. Let s = z - -150. What are the prime factors of s?
67
Suppose -4*i = 3*i - 12401 - 74077. What are the prime factors of i?
2, 3, 29, 71
Let f(i) = 17*i**2 - 390*i + 50. What are the prime factors of f(47)?
19273
Suppose 0 = 159*j - 163*j - 2*n + 790, 2*j + 4*n - 404 = 0. What are the prime factors of j?
2, 7
Let a be (4*3*44/(-48))/(-1). Suppose 12*m - 416 = a*m. What are the prime factors of m?
2, 13
Let h(i) = 31*i**3 - 6*i**2 + 14*i - 50. Suppose 8 = 2*r + 54*q - 56*q, 0 = 5*r + q - 20. List the prime factors of h(r).
2, 947
Let b(c) = -93*c + 6. Suppose -2*t = -0 + 14. Let y be t/(105/(-6))*-5. What are the prime factors of b(y)?
2, 3
Suppose -2*y + 3*y + 3 = 0, 0 = -4*m + 4*y + 24. Suppose 4*b - 3*g + 92 = g, 4*g = -b - m. Let d = b - -51. List the prime factors of d.
2
List the prime factors of 438*((-6)/(-9) + (-385)/(-21)).
2, 3, 19, 73
Let k be (-4 - (-20)/8)/((-2)/(-12)). Let s = -18 - k. List the prime factors of (-552)/(-9)*s/(-6).
2, 23
Suppose 0 = 6*z + 2188 + 1660 - 17786. List the prime factors of z.
23, 101
Let u = 24 + -19. Suppose c + u = 10. Suppose 3*n = i + 246, 4*n - n = c*i + 246. What are the prime factors of n?
2, 41
Let x(h) = h**2 - 23*h - 42. Let o be x(-29). Let z = o + -812. List the prime factors of z.
2, 3, 109
Let z(w) = -6*w**3 - 31*w**2 + 7*w - 103. What are the prime factors of z(-15)?
73, 179
Suppose 3743*p - 3736*p - 70532 = 0. List the prime factors of p.
2, 11, 229
Let o be (-4)/(-18) + 312/54 + 1. Suppose -y + 416 = 5*x, 2*x - o*x = 3*y - 1248. Suppose 64 = -4*q - a + 587, 4*a + y = 3*q. List the prime factors of q.
2, 3, 11
Let r be (5 + -5)/(2*-1). Suppose r = 2*z + 6*z - 2344. Let a = -209 + z. What are the prime factors of a?
2, 3, 7
Suppose d + u - 11098 = 0, -2*d - 468*u + 22164 = -470*u. List the prime factors of d.
2, 5, 1109
Suppose -7*o = -5*j - 2*o - 40, -j = o + 16. Let v be j/(-9) + 4/6. Suppose 5*g - 312 = -2*h, v*h = -g + 4 + 52. What are the prime factors of g?
2
Let p = 68 + -64. Suppose -p*c = 123 + 701. Let y = c - -303. List the prime factors of y.
97
Let g(r) = 1 - 3 - 818*r**2 + 814*r**2 + 5 + 7*r**3 - 2*r. Let w be g(4). Suppose 4*b = -5*z + w, 0*z - z = 4*b - 79. What are the prime factors of z?
3, 5
List the prime factors of 8/(-7) + (-6840416)/(-308).
2, 347
Let c(t) = 9*t - 301*t**2 - 13 + 158*t**2 + 155*t**2. What are the prime factors of c(-6)?
5, 73
Let r = -38 - -24. Let m = r + 24. Suppose g + 42 = i + 135, -2*i = -m. What are the prime factors of g?
2, 7
Let g(t) = 2981*t**3 - 229*t**2 + 690*t - 7. What are the prime factors of g(3)?
80489
Suppose 4*s = 4*c + 18332, 2*c + 22918 = 11*s - 6*s. List the pri